89123371 a prime number?
True
Is 22194960583 a prime number?
False
Is 2364916031 a composite number?
True
Is 6481535209 a prime number?
False
Is 2573129941 prime?
True
Is 211168429 composite?
False
Is 4626927749 composite?
True
Is 26304143081 composite?
False
Is 862126429 a prime number?
False
Is 23044349 a prime number?
False
Is 309442687 prime?
False
Is 1174372931 a prime number?
False
Is 4454566139 composite?
True
Is 36412361 composite?
False
Is 1415269237 a prime number?
True
Is 1841764931 composite?
False
Is 47938658777 a composite number?
True
Is 4284175621 composite?
True
Is 8519963363 prime?
False
Is 60441370807 prime?
True
Is 142414639 a prime number?
False
Is 5627770229 composite?
True
Is 7990422031 a prime number?
False
Is 20166014039 a prime number?
True
Is 24638286317 a composite number?
False
Is 487745677 composite?
False
Is 4100119883 prime?
True
Is 434931379 prime?
False
Is 133454003 a composite number?
True
Is 15444799841 a prime number?
True
Is 653231399 a prime number?
True
Is 20086943017 a composite number?
False
Is 544789087 a composite number?
False
Is 100323810017 prime?
True
Is 7018701449 composite?
False
Is 34144714943 prime?
True
Is 9418844639 a composite number?
True
Is 2473290709 prime?
True
Is 436465163 a composite number?
False
Is 56505203479 prime?
True
Is 680917 prime?
True
Is 1043948231 prime?
True
Is 115611389 prime?
True
Is 649254677 composite?
True
Is 166186957 composite?
False
Is 42211215259 prime?
True
Is 1224608269 a prime number?
False
Is 372523971 a composite number?
True
Is 1493062133 a composite number?
False
Is 1962130537 prime?
True
Is 85441595501 prime?
False
Is 116531286649 prime?
False
Is 651082457 a composite number?
False
Is 3683285197 a composite number?
False
Is 7625858239 prime?
False
Is 1672692059 composite?
False
Is 10466810119 prime?
True
Is 16366735919 prime?
False
Is 40081022677 a composite number?
False
Is 4108084399 a composite number?
False
Is 2131275563 a composite number?
True
Is 3848853917 composite?
False
Is 1387751789 prime?
True
Is 4416984151 prime?
True
Is 2020440509 prime?
True
Is 3534447037 composite?
True
Is 5974587361 composite?
True
Is 73388397889 a prime number?
False
Is 25042844963 composite?
False
Is 25518795446 a prime number?
False
Is 184009229 prime?
False
Is 93172497617 a composite number?
False
Is 52362587 a composite number?
False
Is 7189087181 composite?
True
Is 2279479451 a prime number?
True
Is 6212368483 a prime number?
False
Is 1874511869 composite?
False
Is 1063940627 composite?
False
Is 3136999799 a composite number?
True
Is 1356639853 a prime number?
True
Is 109033061 a prime number?
True
Is 101443472467 prime?
True
Is 1903294021 a composite number?
False
Is 28365263029 composite?
True
Is 5941357309 a prime number?
False
Is 11304831157 a prime number?
True
Is 1360320743 prime?
True
Is 4114191027 a composite number?
True
Is 119612635189 a composite number?
True
Is 9493387 prime?
True
Is 5697447713 a composite number?
False
Is 2305652383 prime?
False
Is 119083751 a prime number?
True
Is 10086261979 composite?
True
Is 40767184753 composite?
False
Is 766833307 a prime number?
True
Is 3140921689 prime?
True
Is 3608817809 a composite number?
False
Is 811070521 a composite number?
True
Is 6954184691 a prime number?
False
Is 1257655907 composite?
False
Is 355524481 a composite number?
True
Is 281758891 prime?
True
Is 34746674753 a prime number?
False
Is 34379227573 a prime number?
False
Is 8411584099 prime?
False
Is 17754112645 a prime number?
False
Is 790297283 composite?
True
Is 1571884243 a prime number?
False
Is 546062599 composite?
False
Is 14345402633 prime?
False
Is 3252832817 composite?
True
Is 726526103 prime?
True
Is 12549380177 a composite number?
False
Is 15347449487 prime?
False
Is 1013984351 a prime number?
True
Is 52877580949 a prime number?
True
Is 8522973533 a composite number?
True
Is 34348347379 a composite number?
False
Is 90699017 prime?
False
Is 2164937711 a composite number?
True
Is 65404939051 a prime number?
False
Is 56236035965 composite?
True
Is 1387301941 composite?
True
Is 320878703 a prime number?
False
Is 2741106733 composite?
True
Is 2708333347 prime?
True
Is 915180293 a composite number?
False
Is 4942643231 a composite number?
True
Is 15289407823 a composite number?
False
Is 20162951947 composite?
True
Is 14882680661 composite?
False
Is 4877156659 prime?
True
Is 46815641623 prime?
True
Is 2069496949 a composite number?
True
Is 1297007035 composite?
True
Is 9929719318 prime?
False
Is 14884831853 prime?
True
Is 10720893641 a composite number?
False
Is 5603497193 a composite number?
True
Is 39584246299 a composite number?
True
Is 71344299743 a prime number?
False
Is 34261350889 composite?
True
Is 251814077 composite?
True
Is 892483169 a composite number?
True
Is 16286809247 a prime number?
True
Is 11878524451 a composite number?
True
Is 46404438193 composite?
False
Is 40227113371 a prime number?
False
Is 64282617167 a composite number?
False
Is 5892885617 a composite number?
True
Is 57512693 composite?
True
Is 339971153 a prime number?
False
Is 1042829461 a composite number?
False
Is 48003467989 composite?
False
Is 297490603 prime?
True
Is 1136962577 composite?
False
Is 2198380153 prime?
True
Is 142545413 prime?
True
Is 9198744253 a composite number?
True
Is 91113875009 composite?
False
Is 3050354521 a composite number?
False
Is 1393584919 prime?
False
Is 728078489 a prime number?
False
Is 4934493757 prime?
True
Is 37563017 a composite number?
False
Is 2829320189 a prime number?
False
Is 1256538449 a prime number?
False
Is 3314040277 a composite number?
False
Is 153103776341 a composite number?
True
Is 1490294761 a prime number?
False
Is 20598366097 a prime number?
True
Is 161254817 a composite number?
True
Is 121542943 a composite number?
True
Is 148279094255 composite?
True
Is 3321589471 a prime number?
True
Is 3415590601 a prime number?
True
Is 216627913 a composite number?
False
Is 15034142177 a prime number?
False
Is 5495909143 prime?
True
Is 9603410587 composite?
False
Is 561992357 a prime number?
False
Is 7990486123 a prime number?
True
Is 389552971 a composite number?
True
Is 28380432403 composite?
True
Is 5389746917 composite?
True
Is 2426144359 composite?
True
Is 16606521467 a composite number?
True
Is 37143319177 composite?
False
Is 1100616137 prime?
False
Is 29767758247 prime?
True
Is 352510981 a prime number?
False
Is 6553228901 a composite number?
True
Is 37895593 prime?
True
Is 2202301987 a composite number?
True
Is 791997707 a prime number?
True
Is 15127666909 a prime number?
False
Is 56632520261 a prime number?
False
Is 1815966511 a prime number?
True
Is 124161071 prime?
True
Is 526912285 a prime number?
False
Is 191133067 a composite number?
True
Is 81505429 composite?
True
Is 1177537253 composite?
True
Is 7688194583 prime?
True
Is 617295031 a composite number?
True
Is 12111902087 a composite number?
True
Is 9193408963 composite?
False
Is 2079065171 composite?
False
Is 6313392689 a prime number?
False
Is 100691515273 prime?
False
Is 23292633473 a composite number?
False
Is 877244371 composite?
False
Is 5126759947 a prime number?
True
Is 63899561413 a composite number?
False
Is 34320672319 a composite number?
False
Is 60750126163 a composite number?
True
Is 1834672321 composite?
True
Is 110577703 a prime number?
True
Is 21319116151 composite?
True
Is 1479372647 a prime number?
True
Is 3770356661 prime?
True
Is 276611219 a composite number?
False
Is 53846792453 a prime number?
True
Is 14628483157 a composite number?
True
Is 4672244911 prime?
True
Is 118341024311 a composite number?
False
Is 653440999 prime?
False
Is 778071733 prime?
True
Is 37578944597 prime?
False
Is 913685939 prime?
True
Is 31550447531 a composite number?
True
Is 368387943905 a composite number?
True
Is 5318678054 prime?
False
Is 7709007217 prime?
True
Is 160667713777 prime?
False
Is 3306093295 composite?
True
Is 388231 a composite number?
False
Is 37811021 prime?
False
Is 72693058259 prime?
True
Is 11650372369 a prime number?
False
Is 27543722543 a prime number?
True
Is 15325905389 a composite number?
False
Is 446608559 composite?
True
Is 1326122627 a composite number?
True
Is 15264514081 a prime number?
False
Is 27014171051 a composite number